{"id":580,"date":"2024-06-18T14:31:58","date_gmt":"2024-06-18T14:31:58","guid":{"rendered":"https:\/\/abac.cv\/?page_id=580"},"modified":"2024-06-18T14:36:09","modified_gmt":"2024-06-18T14:36:09","slug":"projectos","status":"publish","type":"page","link":"https:\/\/abac.cv\/index.php\/projectos\/","title":{"rendered":"Projetos"},"content":{"rendered":"\t\t<div data-elementor-type=\"wp-page\" data-elementor-id=\"580\" class=\"elementor elementor-580\">\n\t\t\t\t<div class=\"elementor-element elementor-element-cf2fc54 e-flex e-con-boxed e-con e-parent\" data-id=\"cf2fc54\" data-element_type=\"container\" data-settings=\"{&quot;content_width&quot;:&quot;boxed&quot;}\" data-core-v316-plus=\"true\">\n\t\t\t\t\t<div class=\"e-con-inner\">\n\t\t\t\t<div class=\"elementor-element elementor-element-efc57e8 elementor-widget elementor-widget-heading\" data-id=\"efc57e8\" data-element_type=\"widget\" data-widget_type=\"heading.default\">\n\t\t\t\t<div class=\"elementor-widget-container\">\n\t\t\t<style>\/*! elementor - v3.19.0 - 07-02-2024 *\/\n.elementor-heading-title{padding:0;margin:0;line-height:1}.elementor-widget-heading .elementor-heading-title[class*=elementor-size-]>a{color:inherit;font-size:inherit;line-height:inherit}.elementor-widget-heading .elementor-heading-title.elementor-size-small{font-size:15px}.elementor-widget-heading .elementor-heading-title.elementor-size-medium{font-size:19px}.elementor-widget-heading .elementor-heading-title.elementor-size-large{font-size:29px}.elementor-widget-heading .elementor-heading-title.elementor-size-xl{font-size:39px}.elementor-widget-heading .elementor-heading-title.elementor-size-xxl{font-size:59px}<\/style><h2 class=\"elementor-heading-title elementor-size-default\">Evento Anual Pitch (feito em 2021 e previsto para 2022)<\/h2>\t\t<\/div>\n\t\t\t\t<\/div>\n\t\t\t\t<div class=\"elementor-element elementor-element-07e6ee4 elementor-widget elementor-widget-text-editor\" data-id=\"07e6ee4\" data-element_type=\"widget\" data-widget_type=\"text-editor.default\">\n\t\t\t\t<div class=\"elementor-widget-container\">\n\t\t\t<style>\/*! elementor - v3.19.0 - 07-02-2024 *\/\n.elementor-widget-text-editor.elementor-drop-cap-view-stacked .elementor-drop-cap{background-color:#69727d;color:#fff}.elementor-widget-text-editor.elementor-drop-cap-view-framed .elementor-drop-cap{color:#69727d;border:3px solid;background-color:transparent}.elementor-widget-text-editor:not(.elementor-drop-cap-view-default) .elementor-drop-cap{margin-top:8px}.elementor-widget-text-editor:not(.elementor-drop-cap-view-default) .elementor-drop-cap-letter{width:1em;height:1em}.elementor-widget-text-editor .elementor-drop-cap{float:left;text-align:center;line-height:1;font-size:50px}.elementor-widget-text-editor .elementor-drop-cap-letter{display:inline-block}<\/style>\t\t\t\tPrimeiro Pitch para investimentos dos Business Angels\t\t\t\t\t\t<\/div>\n\t\t\t\t<\/div>\n\t\t\t\t<div class=\"elementor-element elementor-element-0491121 elementor-widget elementor-widget-text-editor\" data-id=\"0491121\" data-element_type=\"widget\" data-widget_type=\"text-editor.default\">\n\t\t\t\t<div class=\"elementor-widget-container\">\n\t\t\t\t\t\t\t<p>A Associa\u00e7\u00e3o Business Angels de Cabo Verde (ABAC) \u00e9 uma entidade de direito privado, sem fins lucrativos, com o objetivo de promover e gerir uma rede de investidores em Cabo Verde. Um <strong>Business Angel<\/strong> (Investidor Anjo) \u00e9 um investidor que oferece recursos, conhecimento, experi\u00eancia e contactos a pequenas empresas ou start-ups em troca de participa\u00e7\u00e3o acionista durante um certo per\u00edodo de tempo acordado entre as partes.<\/p>\t\t\t\t\t\t<\/div>\n\t\t\t\t<\/div>\n\t\t\t\t<div class=\"elementor-element elementor-element-a7cc184 elementor-widget elementor-widget-text-editor\" data-id=\"a7cc184\" data-element_type=\"widget\" data-widget_type=\"text-editor.default\">\n\t\t\t\t<div class=\"elementor-widget-container\">\n\t\t\t\t\t\t\t<p>ABAC promove um evento para apresenta\u00e7\u00e3o de ideias e\/ou neg\u00f3cios por parte de empreendedores em Cabo Verde aos membros desta associa\u00e7\u00e3o para eventual investimento.<\/p>\t\t\t\t\t\t<\/div>\n\t\t\t\t<\/div>\n\t\t\t\t<div class=\"elementor-element elementor-element-5a621a7 elementor-widget elementor-widget-text-editor\" data-id=\"5a621a7\" data-element_type=\"widget\" data-widget_type=\"text-editor.default\">\n\t\t\t\t<div class=\"elementor-widget-container\">\n\t\t\t\t\t\t\t<p>O processo iniciou com a abertura de uma fase de candidaturas que decorreu de 15 de Outubro a 14 de Novembro, onde 37 empreendedores apresentaram as suas propostas, que foram avaliadas por um j\u00fari formado pelos membros da ABAC, tendo sido selecionados 10 para o evento final, que ter\u00e1 lugar no dia 30 de Novembro, na sala de confer\u00eancias do BAI Center, das 16h00 \u00e0s 18h00. Sendo um evento nacional, haver\u00e1 apresenta\u00e7\u00e3o \u201cpitch\u201d de 4 minutos, feita via v\u00eddeo e via presencial. Um investimento realizado: empresa PrintDreams.<\/p>\t\t\t\t\t\t<\/div>\n\t\t\t\t<\/div>\n\t\t\t\t\t<\/div>\n\t\t\t\t<\/div>\n\t\t\t\t<\/div>\n\t\t","protected":false},"excerpt":{"rendered":"<p>Evento Anual Pitch (feito em 2021 e previsto para 2022) Primeiro Pitch para investimentos dos Business Angels A Associa\u00e7\u00e3o Business Angels de Cabo Verde (ABAC) \u00e9 uma entidade de direito privado, sem fins lucrativos, com o objetivo de promover e gerir uma rede de investidores em Cabo Verde. Um Business Angel (Investidor Anjo) \u00e9 um<br \/><a class=\"moretag\" href=\"https:\/\/abac.cv\/index.php\/projectos\/\">+ Read More<\/a><\/p>\n","protected":false},"author":1,"featured_media":0,"parent":0,"menu_order":0,"comment_status":"closed","ping_status":"closed","template":"templates\/page-fullwidth_template.php","meta":{"footnotes":""},"class_list":["post-580","page","type-page","status-publish","hentry"],"_links":{"self":[{"href":"https:\/\/abac.cv\/index.php\/wp-json\/wp\/v2\/pages\/580","targetHints":{"allow":["GET"]}}],"collection":[{"href":"https:\/\/abac.cv\/index.php\/wp-json\/wp\/v2\/pages"}],"about":[{"href":"https:\/\/abac.cv\/index.php\/wp-json\/wp\/v2\/types\/page"}],"author":[{"embeddable":true,"href":"https:\/\/abac.cv\/index.php\/wp-json\/wp\/v2\/users\/1"}],"replies":[{"embeddable":true,"href":"https:\/\/abac.cv\/index.php\/wp-json\/wp\/v2\/comments?post=580"}],"version-history":[{"count":5,"href":"https:\/\/abac.cv\/index.php\/wp-json\/wp\/v2\/pages\/580\/revisions"}],"predecessor-version":[{"id":585,"href":"https:\/\/abac.cv\/index.php\/wp-json\/wp\/v2\/pages\/580\/revisions\/585"}],"wp:attachment":[{"href":"https:\/\/abac.cv\/index.php\/wp-json\/wp\/v2\/media?parent=580"}],"curies":[{"name":"wp","href":"https:\/\/api.w.org\/{rel}","templated":true}]}}